{"id":48,"date":"2019-01-07T16:14:44","date_gmt":"2019-01-07T15:14:44","guid":{"rendered":"http:\/\/osteolana.fr\/?page_id=48"},"modified":"2022-09-06T17:09:49","modified_gmt":"2022-09-06T15:09:49","slug":"contact-2","status":"publish","type":"page","link":"https:\/\/osteolana.fr\/index.php\/contact-2\/","title":{"rendered":"Contact"},"content":{"rendered":"<p><strong>OSTEOLANA recrute !<\/strong><\/p>\n<p>Vous \u00eates ost\u00e9opathe et vous souhaitez vous lancer dans l&rsquo;aventure de l&rsquo;ost\u00e9opathie en entreprise ?<\/p>\n<p>OSTEOLANA recrute des intervenants ost\u00e9opathes toute l\u2019ann\u00e9e et au niveau national.<wbr \/><\/p>\n<p>Pour proposer votre candidature, contactez nous \u00e0 l&rsquo;adresse mail suivante : <strong>j.hirigoyen@osteolana.fr<\/strong><\/p>\n","protected":false},"excerpt":{"rendered":"<p>OSTEOLANA recrute ! Vous \u00eates ost\u00e9opathe et vous souhaitez vous lancer dans l&rsquo;aventure de l&rsquo;ost\u00e9opathie en entreprise ? OSTEOLANA recrute des intervenants ost\u00e9opathes toute l\u2019ann\u00e9e et au niveau national. Pour proposer votre candidature, contactez nous \u00e0 l&rsquo;adresse mail suivante : [&hellip;]<\/p>\n","protected":false},"author":1,"featured_media":0,"parent":0,"menu_order":3,"comment_status":"closed","ping_status":"closed","template":"","meta":{"footnotes":""},"_links":{"self":[{"href":"https:\/\/osteolana.fr\/index.php\/wp-json\/wp\/v2\/pages\/48"}],"collection":[{"href":"https:\/\/osteolana.fr\/index.php\/wp-json\/wp\/v2\/pages"}],"about":[{"href":"https:\/\/osteolana.fr\/index.php\/wp-json\/wp\/v2\/types\/page"}],"author":[{"embeddable":true,"href":"https:\/\/osteolana.fr\/index.php\/wp-json\/wp\/v2\/users\/1"}],"replies":[{"embeddable":true,"href":"https:\/\/osteolana.fr\/index.php\/wp-json\/wp\/v2\/comments?post=48"}],"version-history":[{"count":6,"href":"https:\/\/osteolana.fr\/index.php\/wp-json\/wp\/v2\/pages\/48\/revisions"}],"predecessor-version":[{"id":276,"href":"https:\/\/osteolana.fr\/index.php\/wp-json\/wp\/v2\/pages\/48\/revisions\/276"}],"wp:attachment":[{"href":"https:\/\/osteolana.fr\/index.php\/wp-json\/wp\/v2\/media?parent=48"}],"curies":[{"name":"wp","href":"https:\/\/api.w.org\/{rel}","templated":true}]}}

<p><strong>OSTEOLANA recrute !</strong></p>
<p>Vous êtes ostéopathe et vous souhaitez vous lancer dans l&rsquo;aventure de l&rsquo;ostéopathie en entreprise ?</p>
<p>OSTEOLANA recrute des intervenants ostéopathes toute l’année et au niveau national.<wbr /></p>
<p>Pour proposer votre candidature, contactez nous à l&rsquo;adresse mail suivante : <strong>j.hirigoyen@osteolana.fr</strong></p>

<p>OSTEOLANA recrute ! Vous êtes ostéopathe et vous souhaitez vous lancer dans l&rsquo;aventure de l&rsquo;ostéopathie en entreprise ? OSTEOLANA recrute des intervenants ostéopathes toute l’année et au niveau national. Pour proposer votre candidature, contactez nous à l&rsquo;adresse mail suivante : [&hellip;]</p>
