{"id":85,"date":"2019-01-07T19:39:32","date_gmt":"2019-01-07T18:39:32","guid":{"rendered":"http:\/\/osteolana.fr\/?page_id=85"},"modified":"2025-04-01T09:55:15","modified_gmt":"2025-04-01T07:55:15","slug":"nos-osteopathes","status":"publish","type":"page","link":"https:\/\/osteolana.fr\/index.php\/nos-osteopathes\/","title":{"rendered":"Une solution sur mesure"},"content":{"rendered":"<h2 style=\"text-align: justify;\"><span style=\"font-family: verdana, geneva, sans-serif;\"><span style=\"color: #39ad98;\"><span style=\"font-size: 18pt; color: #60a699;\">OSTEOLANA <\/span><span style=\"color: #333333; background-color: #ffffff;\"><span style=\"font-size: 18pt;\">DANS VOTRE ENTREPRISE<\/span><\/span><\/span><\/span><\/h2>\n<ul style=\"list-style-type: disc;\">\n<li><span style=\"font-family: verdana, geneva, sans-serif; font-size: 12pt;\">1 s\u00e9ance individuelle de 30 min par salari\u00e9<\/span><\/li>\n<li><span style=\"font-family: verdana, geneva, sans-serif; font-size: 12pt;\">Mise \u00e0 disposition d&rsquo;un local<\/span><\/li>\n<li><span style=\"font-family: verdana, geneva, sans-serif; font-size: 12pt;\">Mat\u00e9riel n\u00e9cessaire \u00e0 la s\u00e9ance (table, drap d&rsquo;examen,&#8230;) apport\u00e9 par l&rsquo;ost\u00e9opathe<\/span><\/li>\n<li><span style=\"font-family: verdana, geneva, sans-serif; font-size: 12pt;\">Module de prise de rendez-vous en ligne d\u00e9di\u00e9 \u00e0 l&rsquo;entreprise pour vos employ\u00e9s avec SMS de rappel<\/span><\/li>\n<li><span style=\"font-family: arial, helvetica, sans-serif; font-size: 12pt;\"><span style=\"font-family: verdana, geneva, sans-serif;\">Un suivi r\u00e9gulier sur site : c&rsquo;est toujours le m\u00eame ost\u00e9opathe qui se d\u00e9place pour assurer le suivi des<\/span> <span style=\"font-family: verdana, geneva, sans-serif;\">consultations et pouvoir intervenir en pr\u00e9ventif.<\/span><\/span><\/li>\n<\/ul>\n<p><img loading=\"lazy\" decoding=\"async\" class=\"wp-image-187 aligncenter\" src=\"http:\/\/osteolana.fr\/wp-content\/uploads\/2019\/01\/istockphoto-669073954-612x612.jpg\" alt=\"\" width=\"294\" height=\"294\" srcset=\"https:\/\/osteolana.fr\/wp-content\/uploads\/2019\/01\/istockphoto-669073954-612x612.jpg 612w, https:\/\/osteolana.fr\/wp-content\/uploads\/2019\/01\/istockphoto-669073954-612x612-150x150.jpg 150w, https:\/\/osteolana.fr\/wp-content\/uploads\/2019\/01\/istockphoto-669073954-612x612-300x300.jpg 300w, https:\/\/osteolana.fr\/wp-content\/uploads\/2019\/01\/istockphoto-669073954-612x612-520x520.jpg 520w, https:\/\/osteolana.fr\/wp-content\/uploads\/2019\/01\/istockphoto-669073954-612x612-360x360.jpg 360w, https:\/\/osteolana.fr\/wp-content\/uploads\/2019\/01\/istockphoto-669073954-612x612-250x250.jpg 250w, https:\/\/osteolana.fr\/wp-content\/uploads\/2019\/01\/istockphoto-669073954-612x612-100x100.jpg 100w\" sizes=\"(max-width: 294px) 100vw, 294px\" \/><\/p>\n<p style=\"text-align: center;\"><span style=\"font-size: 14pt; font-family: verdana, geneva, sans-serif;\">Le r\u00e9seau <span style=\"color: #3a998b;\"><strong>OSTEOLANA<\/strong><\/span> est d\u00e9j\u00e0 pr\u00e9sent dans plusieurs villes de France :<\/span><\/p>\n<p><img loading=\"lazy\" decoding=\"async\" class=\" wp-image-256 aligncenter\" src=\"https:\/\/osteolana.fr\/wp-content\/uploads\/2019\/10\/Capture-d\u2019\u00e9cran-2019-10-07-\u00e0-17.00.37-300x287.png\" alt=\"\" width=\"375\" height=\"359\" srcset=\"https:\/\/osteolana.fr\/wp-content\/uploads\/2019\/10\/Capture-d\u2019\u00e9cran-2019-10-07-\u00e0-17.00.37-300x287.png 300w, https:\/\/osteolana.fr\/wp-content\/uploads\/2019\/10\/Capture-d\u2019\u00e9cran-2019-10-07-\u00e0-17.00.37-360x344.png 360w, https:\/\/osteolana.fr\/wp-content\/uploads\/2019\/10\/Capture-d\u2019\u00e9cran-2019-10-07-\u00e0-17.00.37-250x239.png 250w, https:\/\/osteolana.fr\/wp-content\/uploads\/2019\/10\/Capture-d\u2019\u00e9cran-2019-10-07-\u00e0-17.00.37-100x96.png 100w, https:\/\/osteolana.fr\/wp-content\/uploads\/2019\/10\/Capture-d\u2019\u00e9cran-2019-10-07-\u00e0-17.00.37.png 508w\" sizes=\"(max-width: 375px) 100vw, 375px\" \/><\/p>\n<p style=\"text-align: center;\"><span style=\"font-size: 18pt; font-family: verdana, geneva, sans-serif;\"><strong>&#8230; et bient\u00f4t dans votre ville !<\/strong><\/span><\/p>\n<\/p>\n<p class=\"font_8\" style=\"text-align: justify;\"><span style=\"font-family: verdana, geneva, sans-serif; font-size: 14pt;\">Chacun de nos ost\u00e9opathes intervenants ont une pratique exclusive de l&rsquo;ost\u00e9opathie et sont&nbsp;dipl\u00f4m\u00e9s d&rsquo;\u00e9coles agr\u00e9es par le minist\u00e8re de la sant\u00e9.&nbsp;<\/span><\/p>\n<p><img loading=\"lazy\" decoding=\"async\" class=\" wp-image-405 aligncenter\" src=\"https:\/\/osteolana.fr\/wp-content\/uploads\/2023\/01\/icone-massage-300x266.png\" alt=\"\" width=\"187\" height=\"166\" srcset=\"https:\/\/osteolana.fr\/wp-content\/uploads\/2023\/01\/icone-massage-300x266.png 300w, https:\/\/osteolana.fr\/wp-content\/uploads\/2023\/01\/icone-massage-700x622.png 700w, https:\/\/osteolana.fr\/wp-content\/uploads\/2023\/01\/icone-massage-520x462.png 520w, https:\/\/osteolana.fr\/wp-content\/uploads\/2023\/01\/icone-massage-360x320.png 360w, https:\/\/osteolana.fr\/wp-content\/uploads\/2023\/01\/icone-massage-250x222.png 250w, https:\/\/osteolana.fr\/wp-content\/uploads\/2023\/01\/icone-massage-100x89.png 100w, https:\/\/osteolana.fr\/wp-content\/uploads\/2023\/01\/icone-massage.png 733w\" sizes=\"(max-width: 187px) 100vw, 187px\" \/><\/p>\n<p style=\"text-align: center;\">\n<p class=\"font_8\">\n<p style=\"text-align: center;\"><span style=\"font-size: 18pt; font-family: verdana, geneva, sans-serif;\"><strong>Contactez nous pour intervenir dans votre entreprise !<\/strong><\/span><\/p>\n<\/p>\n\n\n<div class=\"wp-block-columns is-layout-flex wp-container-core-columns-is-layout-1 wp-block-columns-is-layout-flex\">\n<div class=\"wp-block-column is-layout-flow wp-block-column-is-layout-flow\">\n<p style=\"text-align: center;\"><img loading=\"lazy\" decoding=\"async\" class=\"alignnone  wp-image-440\" src=\"https:\/\/osteolana.fr\/wp-content\/uploads\/2023\/01\/icone-tel-293x300.png\" alt=\"\" width=\"76\" height=\"78\" srcset=\"https:\/\/osteolana.fr\/wp-content\/uploads\/2023\/01\/icone-tel-293x300.png 293w, https:\/\/osteolana.fr\/wp-content\/uploads\/2023\/01\/icone-tel-700x716.png 700w, https:\/\/osteolana.fr\/wp-content\/uploads\/2023\/01\/icone-tel-520x532.png 520w, https:\/\/osteolana.fr\/wp-content\/uploads\/2023\/01\/icone-tel-360x368.png 360w, https:\/\/osteolana.fr\/wp-content\/uploads\/2023\/01\/icone-tel-250x256.png 250w, https:\/\/osteolana.fr\/wp-content\/uploads\/2023\/01\/icone-tel-100x102.png 100w, https:\/\/osteolana.fr\/wp-content\/uploads\/2023\/01\/icone-tel.png 716w\" sizes=\"(max-width: 76px) 100vw, 76px\" \/><\/p>\n<p style=\"text-align: center;\"><span style=\"font-size: 18pt;\">06 87 00 39 71<\/span><\/p>\n<\/div>\n\n\n\n<div class=\"wp-block-column is-layout-flow wp-block-column-is-layout-flow\">\n<p><img loading=\"lazy\" decoding=\"async\" class=\"wp-image-441 aligncenter\" src=\"https:\/\/osteolana.fr\/wp-content\/uploads\/2023\/01\/icone-mail-296x300.png\" alt=\"\" width=\"85\" height=\"86\" srcset=\"https:\/\/osteolana.fr\/wp-content\/uploads\/2023\/01\/icone-mail-296x300.png 296w, https:\/\/osteolana.fr\/wp-content\/uploads\/2023\/01\/icone-mail-150x150.png 150w, https:\/\/osteolana.fr\/wp-content\/uploads\/2023\/01\/icone-mail-768x778.png 768w, https:\/\/osteolana.fr\/wp-content\/uploads\/2023\/01\/icone-mail-700x709.png 700w, https:\/\/osteolana.fr\/wp-content\/uploads\/2023\/01\/icone-mail-520x527.png 520w, https:\/\/osteolana.fr\/wp-content\/uploads\/2023\/01\/icone-mail-360x365.png 360w, https:\/\/osteolana.fr\/wp-content\/uploads\/2023\/01\/icone-mail-250x253.png 250w, https:\/\/osteolana.fr\/wp-content\/uploads\/2023\/01\/icone-mail-100x101.png 100w, https:\/\/osteolana.fr\/wp-content\/uploads\/2023\/01\/icone-mail.png 785w\" sizes=\"(max-width: 85px) 100vw, 85px\" \/><\/p>\n<p style=\"text-align: center;\"><span style=\"font-family: verdana, geneva, sans-serif;\">j.hirigoyen@osteolana.fr<\/span><\/p>\n<\/div>\n<\/div>\n","protected":false},"excerpt":{"rendered":"<p>OSTEOLANA DANS VOTRE ENTREPRISE 1 s\u00e9ance individuelle de 30 min par salari\u00e9 Mise \u00e0 disposition d&rsquo;un local Mat\u00e9riel n\u00e9cessaire \u00e0 la s\u00e9ance (table, drap d&rsquo;examen,&#8230;) apport\u00e9 par l&rsquo;ost\u00e9opathe Module de prise de rendez-vous en ligne d\u00e9di\u00e9 \u00e0 l&rsquo;entreprise pour vos [&hellip;]<\/p>\n","protected":false},"author":1,"featured_media":0,"parent":0,"menu_order":2,"comment_status":"closed","ping_status":"closed","template":"","meta":{"footnotes":""},"_links":{"self":[{"href":"https:\/\/osteolana.fr\/index.php\/wp-json\/wp\/v2\/pages\/85"}],"collection":[{"href":"https:\/\/osteolana.fr\/index.php\/wp-json\/wp\/v2\/pages"}],"about":[{"href":"https:\/\/osteolana.fr\/index.php\/wp-json\/wp\/v2\/types\/page"}],"author":[{"embeddable":true,"href":"https:\/\/osteolana.fr\/index.php\/wp-json\/wp\/v2\/users\/1"}],"replies":[{"embeddable":true,"href":"https:\/\/osteolana.fr\/index.php\/wp-json\/wp\/v2\/comments?post=85"}],"version-history":[{"count":26,"href":"https:\/\/osteolana.fr\/index.php\/wp-json\/wp\/v2\/pages\/85\/revisions"}],"predecessor-version":[{"id":603,"href":"https:\/\/osteolana.fr\/index.php\/wp-json\/wp\/v2\/pages\/85\/revisions\/603"}],"wp:attachment":[{"href":"https:\/\/osteolana.fr\/index.php\/wp-json\/wp\/v2\/media?parent=85"}],"curies":[{"name":"wp","href":"https:\/\/api.w.org\/{rel}","templated":true}]}}

<h2 style="text-align: justify;"><span style="font-family: verdana, geneva, sans-serif;"><span style="color: #39ad98;"><span style="font-size: 18pt; color: #60a699;">OSTEOLANA </span><span style="color: #333333; background-color: #ffffff;"><span style="font-size: 18pt;">DANS VOTRE ENTREPRISE</span></span></span></span></h2>
<ul style="list-style-type: disc;">
<li><span style="font-family: verdana, geneva, sans-serif; font-size: 12pt;">1 séance individuelle de 30 min par salarié</span></li>
<li><span style="font-family: verdana, geneva, sans-serif; font-size: 12pt;">Mise à disposition d&rsquo;un local</span></li>
<li><span style="font-family: verdana, geneva, sans-serif; font-size: 12pt;">Matériel nécessaire à la séance (table, drap d&rsquo;examen,&#8230;) apporté par l&rsquo;ostéopathe</span></li>
<li><span style="font-family: verdana, geneva, sans-serif; font-size: 12pt;">Module de prise de rendez-vous en ligne dédié à l&rsquo;entreprise pour vos employés avec SMS de rappel</span></li>
<li><span style="font-family: arial, helvetica, sans-serif; font-size: 12pt;"><span style="font-family: verdana, geneva, sans-serif;">Un suivi régulier sur site : c&rsquo;est toujours le même ostéopathe qui se déplace pour assurer le suivi des</span> <span style="font-family: verdana, geneva, sans-serif;">consultations et pouvoir intervenir en préventif.</span></span></li>
</ul>
<p><img loading="lazy" decoding="async" class="wp-image-187 aligncenter" src="http://osteolana.fr/wp-content/uploads/2019/01/istockphoto-669073954-612x612.jpg" alt="" width="294" height="294" srcset="https://osteolana.fr/wp-content/uploads/2019/01/istockphoto-669073954-612x612.jpg 612w, https://osteolana.fr/wp-content/uploads/2019/01/istockphoto-669073954-612x612-150x150.jpg 150w, https://osteolana.fr/wp-content/uploads/2019/01/istockphoto-669073954-612x612-300x300.jpg 300w, https://osteolana.fr/wp-content/uploads/2019/01/istockphoto-669073954-612x612-520x520.jpg 520w, https://osteolana.fr/wp-content/uploads/2019/01/istockphoto-669073954-612x612-360x360.jpg 360w, https://osteolana.fr/wp-content/uploads/2019/01/istockphoto-669073954-612x612-250x250.jpg 250w, https://osteolana.fr/wp-content/uploads/2019/01/istockphoto-669073954-612x612-100x100.jpg 100w" sizes="(max-width: 294px) 100vw, 294px" /></p>
<p style="text-align: center;"><span style="font-size: 14pt; font-family: verdana, geneva, sans-serif;">Le réseau <span style="color: #3a998b;"><strong>OSTEOLANA</strong></span> est déjà présent dans plusieurs villes de France :</span></p>
<p><img loading="lazy" decoding="async" class=" wp-image-256 aligncenter" src="https://osteolana.fr/wp-content/uploads/2019/10/Capture-d’écran-2019-10-07-à-17.00.37-300x287.png" alt="" width="375" height="359" srcset="https://osteolana.fr/wp-content/uploads/2019/10/Capture-d’écran-2019-10-07-à-17.00.37-300x287.png 300w, https://osteolana.fr/wp-content/uploads/2019/10/Capture-d’écran-2019-10-07-à-17.00.37-360x344.png 360w, https://osteolana.fr/wp-content/uploads/2019/10/Capture-d’écran-2019-10-07-à-17.00.37-250x239.png 250w, https://osteolana.fr/wp-content/uploads/2019/10/Capture-d’écran-2019-10-07-à-17.00.37-100x96.png 100w, https://osteolana.fr/wp-content/uploads/2019/10/Capture-d’écran-2019-10-07-à-17.00.37.png 508w" sizes="(max-width: 375px) 100vw, 375px" /></p>
<p style="text-align: center;"><span style="font-size: 18pt; font-family: verdana, geneva, sans-serif;"><strong>&#8230; et bientôt dans votre ville !</strong></span></p>
</p>
<p class="font_8" style="text-align: justify;"><span style="font-family: verdana, geneva, sans-serif; font-size: 14pt;">Chacun de nos ostéopathes intervenants ont une pratique exclusive de l&rsquo;ostéopathie et sont&nbsp;diplômés d&rsquo;écoles agrées par le ministère de la santé.&nbsp;</span></p>
<p><img loading="lazy" decoding="async" class=" wp-image-405 aligncenter" src="https://osteolana.fr/wp-content/uploads/2023/01/icone-massage-300x266.png" alt="" width="187" height="166" srcset="https://osteolana.fr/wp-content/uploads/2023/01/icone-massage-300x266.png 300w, https://osteolana.fr/wp-content/uploads/2023/01/icone-massage-700x622.png 700w, https://osteolana.fr/wp-content/uploads/2023/01/icone-massage-520x462.png 520w, https://osteolana.fr/wp-content/uploads/2023/01/icone-massage-360x320.png 360w, https://osteolana.fr/wp-content/uploads/2023/01/icone-massage-250x222.png 250w, https://osteolana.fr/wp-content/uploads/2023/01/icone-massage-100x89.png 100w, https://osteolana.fr/wp-content/uploads/2023/01/icone-massage.png 733w" sizes="(max-width: 187px) 100vw, 187px" /></p>
<p style="text-align: center;">
<p class="font_8">
<p style="text-align: center;"><span style="font-size: 18pt; font-family: verdana, geneva, sans-serif;"><strong>Contactez nous pour intervenir dans votre entreprise !</strong></span></p>
</p>


<div class="wp-block-columns is-layout-flex wp-container-core-columns-is-layout-1 wp-block-columns-is-layout-flex">
<div class="wp-block-column is-layout-flow wp-block-column-is-layout-flow">
<p style="text-align: center;"><img loading="lazy" decoding="async" class="alignnone  wp-image-440" src="https://osteolana.fr/wp-content/uploads/2023/01/icone-tel-293x300.png" alt="" width="76" height="78" srcset="https://osteolana.fr/wp-content/uploads/2023/01/icone-tel-293x300.png 293w, https://osteolana.fr/wp-content/uploads/2023/01/icone-tel-700x716.png 700w, https://osteolana.fr/wp-content/uploads/2023/01/icone-tel-520x532.png 520w, https://osteolana.fr/wp-content/uploads/2023/01/icone-tel-360x368.png 360w, https://osteolana.fr/wp-content/uploads/2023/01/icone-tel-250x256.png 250w, https://osteolana.fr/wp-content/uploads/2023/01/icone-tel-100x102.png 100w, https://osteolana.fr/wp-content/uploads/2023/01/icone-tel.png 716w" sizes="(max-width: 76px) 100vw, 76px" /></p>
<p style="text-align: center;"><span style="font-size: 18pt;">06 87 00 39 71</span></p>
</div>



<div class="wp-block-column is-layout-flow wp-block-column-is-layout-flow">
<p><img loading="lazy" decoding="async" class="wp-image-441 aligncenter" src="https://osteolana.fr/wp-content/uploads/2023/01/icone-mail-296x300.png" alt="" width="85" height="86" srcset="https://osteolana.fr/wp-content/uploads/2023/01/icone-mail-296x300.png 296w, https://osteolana.fr/wp-content/uploads/2023/01/icone-mail-150x150.png 150w, https://osteolana.fr/wp-content/uploads/2023/01/icone-mail-768x778.png 768w, https://osteolana.fr/wp-content/uploads/2023/01/icone-mail-700x709.png 700w, https://osteolana.fr/wp-content/uploads/2023/01/icone-mail-520x527.png 520w, https://osteolana.fr/wp-content/uploads/2023/01/icone-mail-360x365.png 360w, https://osteolana.fr/wp-content/uploads/2023/01/icone-mail-250x253.png 250w, https://osteolana.fr/wp-content/uploads/2023/01/icone-mail-100x101.png 100w, https://osteolana.fr/wp-content/uploads/2023/01/icone-mail.png 785w" sizes="(max-width: 85px) 100vw, 85px" /></p>
<p style="text-align: center;"><span style="font-family: verdana, geneva, sans-serif;">j.hirigoyen@osteolana.fr</span></p>
</div>
</div>

<p>OSTEOLANA DANS VOTRE ENTREPRISE 1 séance individuelle de 30 min par salarié Mise à disposition d&rsquo;un local Matériel nécessaire à la séance (table, drap d&rsquo;examen,&#8230;) apporté par l&rsquo;ostéopathe Module de prise de rendez-vous en ligne dédié à l&rsquo;entreprise pour vos [&hellip;]</p>
