{"id":89,"date":"2019-01-07T19:46:34","date_gmt":"2019-01-07T18:46:34","guid":{"rendered":"http:\/\/osteolana.fr\/?page_id=89"},"modified":"2023-01-18T15:55:55","modified_gmt":"2023-01-18T14:55:55","slug":"champs-daction","status":"publish","type":"page","link":"https:\/\/osteolana.fr\/index.php\/champs-daction\/","title":{"rendered":"Champs d&rsquo;action"},"content":{"rendered":"<h2><span style=\"font-family: verdana, geneva, sans-serif; color: #4ea38b; font-size: 14pt;\"><strong><img loading=\"lazy\" decoding=\"async\" class=\"alignnone  wp-image-418\" src=\"https:\/\/osteolana.fr\/wp-content\/uploads\/2023\/01\/icone-ok-300x300.png\" alt=\"\" width=\"22\" height=\"22\" srcset=\"https:\/\/osteolana.fr\/wp-content\/uploads\/2023\/01\/icone-ok-300x300.png 300w, https:\/\/osteolana.fr\/wp-content\/uploads\/2023\/01\/icone-ok-150x150.png 150w, https:\/\/osteolana.fr\/wp-content\/uploads\/2023\/01\/icone-ok-250x251.png 250w, https:\/\/osteolana.fr\/wp-content\/uploads\/2023\/01\/icone-ok-100x100.png 100w, https:\/\/osteolana.fr\/wp-content\/uploads\/2023\/01\/icone-ok.png 342w\" sizes=\"(max-width: 22px) 100vw, 22px\" \/> QU&rsquo;EST CE QUE L&rsquo;OSTEOPATHIE ?<\/strong><\/span><\/h2>\n<ul style=\"list-style-type: disc;\">\n<li style=\"text-align: justify;\"><span style=\"font-family: verdana, geneva, sans-serif; font-size: 12pt; color: #23282d; white-space: pre-wrap;\">M\u00e9thode th\u00e9rapeutique manuelle douce<\/span><\/li>\n<li style=\"text-align: justify;\"><span style=\"font-family: verdana, geneva, sans-serif; font-size: 12pt; color: #23282d; white-space: pre-wrap;\">Principe de base : redonner de la mobilit\u00e9 \u00e0 toute structure qui en a perdu<\/span><\/li>\n<li style=\"text-align: justify;\"><span style=\"font-family: verdana, geneva, sans-serif; color: #000000; font-size: 12pt;\">Recherche de la cause : remonter \u00e0 l\u2019origine du probl\u00e8me (<b>la cause<\/b>) sans se contenter de soigner le motif qui am\u00e8ne le patient \u00e0 consulter (la cons\u00e9quence)<\/span><\/li>\n<li style=\"text-align: justify;\"><span style=\"font-family: verdana, geneva, sans-serif; font-size: 12pt; color: #23282d; white-space: pre-wrap;\">Th\u00e9rapie holistique : l\u2019ost\u00e9opathie tient compte du concept de globalit\u00e9<\/span><\/li>\n<\/ul>\n<h2>\u00a0<\/h2>\n<h2><img loading=\"lazy\" decoding=\"async\" class=\" wp-image-405 aligncenter\" src=\"https:\/\/osteolana.fr\/wp-content\/uploads\/2023\/01\/icone-massage-300x266.png\" alt=\"\" width=\"214\" height=\"190\" srcset=\"https:\/\/osteolana.fr\/wp-content\/uploads\/2023\/01\/icone-massage-300x266.png 300w, https:\/\/osteolana.fr\/wp-content\/uploads\/2023\/01\/icone-massage-700x622.png 700w, https:\/\/osteolana.fr\/wp-content\/uploads\/2023\/01\/icone-massage-520x462.png 520w, https:\/\/osteolana.fr\/wp-content\/uploads\/2023\/01\/icone-massage-360x320.png 360w, https:\/\/osteolana.fr\/wp-content\/uploads\/2023\/01\/icone-massage-250x222.png 250w, https:\/\/osteolana.fr\/wp-content\/uploads\/2023\/01\/icone-massage-100x89.png 100w, https:\/\/osteolana.fr\/wp-content\/uploads\/2023\/01\/icone-massage.png 733w\" sizes=\"(max-width: 214px) 100vw, 214px\" \/><\/h2>\n<h2>\u00a0<\/h2>\n<h2><span style=\"font-family: verdana, geneva, sans-serif; color: #4ea38b; font-size: 18pt;\"><strong><img loading=\"lazy\" decoding=\"async\" class=\"alignnone  wp-image-418\" src=\"https:\/\/osteolana.fr\/wp-content\/uploads\/2023\/01\/icone-ok-300x300.png\" alt=\"\" width=\"25\" height=\"25\" srcset=\"https:\/\/osteolana.fr\/wp-content\/uploads\/2023\/01\/icone-ok-300x300.png 300w, https:\/\/osteolana.fr\/wp-content\/uploads\/2023\/01\/icone-ok-150x150.png 150w, https:\/\/osteolana.fr\/wp-content\/uploads\/2023\/01\/icone-ok-250x251.png 250w, https:\/\/osteolana.fr\/wp-content\/uploads\/2023\/01\/icone-ok-100x100.png 100w, https:\/\/osteolana.fr\/wp-content\/uploads\/2023\/01\/icone-ok.png 342w\" sizes=\"(max-width: 25px) 100vw, 25px\" \/> <span style=\"font-size: 14pt;\">UN OSTEOPATHE EN ENTREPRISE, POUR QUI ?<\/span><\/strong><\/span><\/h2>\n<p style=\"text-align: justify;\"><span style=\"font-family: verdana, geneva, sans-serif; font-size: 12pt;\">Dans une entreprise, les <strong>maladies professionnelles<\/strong>\u00a0sont en augmentation. Ses principaux d\u00e9clencheurs sont la\u00a0<strong>fatigue<\/strong>, le\u00a0<strong>stress<\/strong>\u00a0et la\u00a0<strong>suractivit\u00e9<\/strong>.<\/span><\/p>\n<p style=\"text-align: justify;\"><span style=\"font-family: verdana, geneva, sans-serif; font-size: 12pt;\">Les conditions de travail ne sont pas toujours id\u00e9ales pour adopter la bonne posture ou une bonne ergonomie. Cela va entrainer l\u2019apparition de douleurs. Par exemple, elles peuvent s\u2019exprimer par des douleurs d\u2019\u00e9paules, de cervicales ou encore de lombaires.<\/span><\/p>\n<figure data-children-count=\"0\"><\/figure>\n<p>\u00a0<\/p>\n\n\n<div class=\"wp-block-columns is-layout-flex wp-container-core-columns-is-layout-1 wp-block-columns-is-layout-flex\">\n<div class=\"wp-block-column is-layout-flow wp-block-column-is-layout-flow\">\n<p><img loading=\"lazy\" decoding=\"async\" class=\"wp-image-406 aligncenter\" src=\"https:\/\/osteolana.fr\/wp-content\/uploads\/2023\/01\/icone-bureau-300x285.png\" alt=\"\" width=\"71\" height=\"67\" srcset=\"https:\/\/osteolana.fr\/wp-content\/uploads\/2023\/01\/icone-bureau-300x285.png 300w, https:\/\/osteolana.fr\/wp-content\/uploads\/2023\/01\/icone-bureau-360x343.png 360w, https:\/\/osteolana.fr\/wp-content\/uploads\/2023\/01\/icone-bureau-250x238.png 250w, https:\/\/osteolana.fr\/wp-content\/uploads\/2023\/01\/icone-bureau-100x95.png 100w, https:\/\/osteolana.fr\/wp-content\/uploads\/2023\/01\/icone-bureau.png 455w\" sizes=\"(max-width: 71px) 100vw, 71px\" \/><\/p>\n<p><strong>Activit\u00e9 tertiaire : <\/strong>mauvaise posture, s\u00e9dentarit\u00e9&#8230; l&rsquo;apparition de douleur est in\u00e9vitable<\/p>\n<\/div>\n\n\n\n<div class=\"wp-block-column is-layout-flow wp-block-column-is-layout-flow\">\n<p><img loading=\"lazy\" decoding=\"async\" class=\"wp-image-407 aligncenter\" src=\"https:\/\/osteolana.fr\/wp-content\/uploads\/2023\/01\/icone-manutention-234x300.png\" alt=\"\" width=\"55\" height=\"71\" srcset=\"https:\/\/osteolana.fr\/wp-content\/uploads\/2023\/01\/icone-manutention-234x300.png 234w, https:\/\/osteolana.fr\/wp-content\/uploads\/2023\/01\/icone-manutention-520x668.png 520w, https:\/\/osteolana.fr\/wp-content\/uploads\/2023\/01\/icone-manutention-360x463.png 360w, https:\/\/osteolana.fr\/wp-content\/uploads\/2023\/01\/icone-manutention-250x321.png 250w, https:\/\/osteolana.fr\/wp-content\/uploads\/2023\/01\/icone-manutention-100x128.png 100w, https:\/\/osteolana.fr\/wp-content\/uploads\/2023\/01\/icone-manutention.png 618w\" sizes=\"(max-width: 55px) 100vw, 55px\" \/><\/p>\n<p><span style=\"background-color: #ffffff;\"><strong>Activit\u00e9 de manutention<\/strong> <\/span>: porter, d\u00e9charger, se baisser&#8230; la colonne, les muscles et les ligaments peuvent rapidement etre en souffrance<\/p>\n<\/div>\n<\/div>\n\n\n\n<div class=\"wp-block-columns is-layout-flex wp-container-core-columns-is-layout-2 wp-block-columns-is-layout-flex\">\n<div class=\"wp-block-column is-layout-flow wp-block-column-is-layout-flow\">\n<p><strong><img loading=\"lazy\" decoding=\"async\" class=\"wp-image-408 aligncenter\" src=\"https:\/\/osteolana.fr\/wp-content\/uploads\/2023\/01\/icone-btp-284x300.png\" alt=\"\" width=\"57\" height=\"60\" srcset=\"https:\/\/osteolana.fr\/wp-content\/uploads\/2023\/01\/icone-btp-284x300.png 284w, https:\/\/osteolana.fr\/wp-content\/uploads\/2023\/01\/icone-btp-768x811.png 768w, https:\/\/osteolana.fr\/wp-content\/uploads\/2023\/01\/icone-btp-700x739.png 700w, https:\/\/osteolana.fr\/wp-content\/uploads\/2023\/01\/icone-btp-520x549.png 520w, https:\/\/osteolana.fr\/wp-content\/uploads\/2023\/01\/icone-btp-360x380.png 360w, https:\/\/osteolana.fr\/wp-content\/uploads\/2023\/01\/icone-btp-250x264.png 250w, https:\/\/osteolana.fr\/wp-content\/uploads\/2023\/01\/icone-btp-100x106.png 100w, https:\/\/osteolana.fr\/wp-content\/uploads\/2023\/01\/icone-btp.png 817w\" sizes=\"(max-width: 57px) 100vw, 57px\" \/><\/strong><\/p>\n<p><strong>Activit\u00e9 BTP<\/strong> : port de charge, gestes r\u00e9p\u00e9titifs, posture inadapt\u00e9e&#8230; cela peut engendrer des maux de dos et des douleurs articulaires<\/p>\n<\/div>\n\n\n\n<div class=\"wp-block-column is-layout-flow wp-block-column-is-layout-flow\">\n<p><strong><img loading=\"lazy\" decoding=\"async\" class=\" wp-image-410 aligncenter\" src=\"https:\/\/osteolana.fr\/wp-content\/uploads\/2023\/01\/icone-camion-1-300x233.png\" alt=\"\" width=\"73\" height=\"56\" srcset=\"https:\/\/osteolana.fr\/wp-content\/uploads\/2023\/01\/icone-camion-1-300x233.png 300w, https:\/\/osteolana.fr\/wp-content\/uploads\/2023\/01\/icone-camion-1-768x596.png 768w, https:\/\/osteolana.fr\/wp-content\/uploads\/2023\/01\/icone-camion-1-700x544.png 700w, https:\/\/osteolana.fr\/wp-content\/uploads\/2023\/01\/icone-camion-1-520x404.png 520w, https:\/\/osteolana.fr\/wp-content\/uploads\/2023\/01\/icone-camion-1-360x280.png 360w, https:\/\/osteolana.fr\/wp-content\/uploads\/2023\/01\/icone-camion-1-250x194.png 250w, https:\/\/osteolana.fr\/wp-content\/uploads\/2023\/01\/icone-camion-1-100x78.png 100w, https:\/\/osteolana.fr\/wp-content\/uploads\/2023\/01\/icone-camion-1.png 841w\" sizes=\"(max-width: 73px) 100vw, 73px\" \/><\/strong><\/p>\n<p><strong>Activit\u00e9 nomade<\/strong> : les douleurs de dos li\u00e9es \u00e0 la posture statique et\/ou le port de charge peuvent concerner les routiers, chauffeurs livreurs, commerciaux<\/p>\n<\/div>\n<\/div>\n","protected":false},"excerpt":{"rendered":"<p>QU&rsquo;EST CE QUE L&rsquo;OSTEOPATHIE ? M\u00e9thode th\u00e9rapeutique manuelle douce Principe de base : redonner de la mobilit\u00e9 \u00e0 toute structure qui en a perdu Recherche de la cause : remonter \u00e0 l\u2019origine du probl\u00e8me (la cause) sans se contenter de [&hellip;]<\/p>\n","protected":false},"author":1,"featured_media":0,"parent":0,"menu_order":1,"comment_status":"closed","ping_status":"closed","template":"","meta":{"footnotes":""},"_links":{"self":[{"href":"https:\/\/osteolana.fr\/index.php\/wp-json\/wp\/v2\/pages\/89"}],"collection":[{"href":"https:\/\/osteolana.fr\/index.php\/wp-json\/wp\/v2\/pages"}],"about":[{"href":"https:\/\/osteolana.fr\/index.php\/wp-json\/wp\/v2\/types\/page"}],"author":[{"embeddable":true,"href":"https:\/\/osteolana.fr\/index.php\/wp-json\/wp\/v2\/users\/1"}],"replies":[{"embeddable":true,"href":"https:\/\/osteolana.fr\/index.php\/wp-json\/wp\/v2\/comments?post=89"}],"version-history":[{"count":15,"href":"https:\/\/osteolana.fr\/index.php\/wp-json\/wp\/v2\/pages\/89\/revisions"}],"predecessor-version":[{"id":496,"href":"https:\/\/osteolana.fr\/index.php\/wp-json\/wp\/v2\/pages\/89\/revisions\/496"}],"wp:attachment":[{"href":"https:\/\/osteolana.fr\/index.php\/wp-json\/wp\/v2\/media?parent=89"}],"curies":[{"name":"wp","href":"https:\/\/api.w.org\/{rel}","templated":true}]}}

<h2><span style="font-family: verdana, geneva, sans-serif; color: #4ea38b; font-size: 14pt;"><strong><img loading="lazy" decoding="async" class="alignnone  wp-image-418" src="https://osteolana.fr/wp-content/uploads/2023/01/icone-ok-300x300.png" alt="" width="22" height="22" srcset="https://osteolana.fr/wp-content/uploads/2023/01/icone-ok-300x300.png 300w, https://osteolana.fr/wp-content/uploads/2023/01/icone-ok-150x150.png 150w, https://osteolana.fr/wp-content/uploads/2023/01/icone-ok-250x251.png 250w, https://osteolana.fr/wp-content/uploads/2023/01/icone-ok-100x100.png 100w, https://osteolana.fr/wp-content/uploads/2023/01/icone-ok.png 342w" sizes="(max-width: 22px) 100vw, 22px" /> QU&rsquo;EST CE QUE L&rsquo;OSTEOPATHIE ?</strong></span></h2>
<ul style="list-style-type: disc;">
<li style="text-align: justify;"><span style="font-family: verdana, geneva, sans-serif; font-size: 12pt; color: #23282d; white-space: pre-wrap;">Méthode thérapeutique manuelle douce</span></li>
<li style="text-align: justify;"><span style="font-family: verdana, geneva, sans-serif; font-size: 12pt; color: #23282d; white-space: pre-wrap;">Principe de base : redonner de la mobilité à toute structure qui en a perdu</span></li>
<li style="text-align: justify;"><span style="font-family: verdana, geneva, sans-serif; color: #000000; font-size: 12pt;">Recherche de la cause : remonter à l’origine du problème (<b>la cause</b>) sans se contenter de soigner le motif qui amène le patient à consulter (la conséquence)</span></li>
<li style="text-align: justify;"><span style="font-family: verdana, geneva, sans-serif; font-size: 12pt; color: #23282d; white-space: pre-wrap;">Thérapie holistique : l’ostéopathie tient compte du concept de globalité</span></li>
</ul>
<h2> </h2>
<h2><img loading="lazy" decoding="async" class=" wp-image-405 aligncenter" src="https://osteolana.fr/wp-content/uploads/2023/01/icone-massage-300x266.png" alt="" width="214" height="190" srcset="https://osteolana.fr/wp-content/uploads/2023/01/icone-massage-300x266.png 300w, https://osteolana.fr/wp-content/uploads/2023/01/icone-massage-700x622.png 700w, https://osteolana.fr/wp-content/uploads/2023/01/icone-massage-520x462.png 520w, https://osteolana.fr/wp-content/uploads/2023/01/icone-massage-360x320.png 360w, https://osteolana.fr/wp-content/uploads/2023/01/icone-massage-250x222.png 250w, https://osteolana.fr/wp-content/uploads/2023/01/icone-massage-100x89.png 100w, https://osteolana.fr/wp-content/uploads/2023/01/icone-massage.png 733w" sizes="(max-width: 214px) 100vw, 214px" /></h2>
<h2> </h2>
<h2><span style="font-family: verdana, geneva, sans-serif; color: #4ea38b; font-size: 18pt;"><strong><img loading="lazy" decoding="async" class="alignnone  wp-image-418" src="https://osteolana.fr/wp-content/uploads/2023/01/icone-ok-300x300.png" alt="" width="25" height="25" srcset="https://osteolana.fr/wp-content/uploads/2023/01/icone-ok-300x300.png 300w, https://osteolana.fr/wp-content/uploads/2023/01/icone-ok-150x150.png 150w, https://osteolana.fr/wp-content/uploads/2023/01/icone-ok-250x251.png 250w, https://osteolana.fr/wp-content/uploads/2023/01/icone-ok-100x100.png 100w, https://osteolana.fr/wp-content/uploads/2023/01/icone-ok.png 342w" sizes="(max-width: 25px) 100vw, 25px" /> <span style="font-size: 14pt;">UN OSTEOPATHE EN ENTREPRISE, POUR QUI ?</span></strong></span></h2>
<p style="text-align: justify;"><span style="font-family: verdana, geneva, sans-serif; font-size: 12pt;">Dans une entreprise, les <strong>maladies professionnelles</strong> sont en augmentation. Ses principaux déclencheurs sont la <strong>fatigue</strong>, le <strong>stress</strong> et la <strong>suractivité</strong>.</span></p>
<p style="text-align: justify;"><span style="font-family: verdana, geneva, sans-serif; font-size: 12pt;">Les conditions de travail ne sont pas toujours idéales pour adopter la bonne posture ou une bonne ergonomie. Cela va entrainer l’apparition de douleurs. Par exemple, elles peuvent s’exprimer par des douleurs d’épaules, de cervicales ou encore de lombaires.</span></p>
<figure data-children-count="0"></figure>
<p> </p>


<div class="wp-block-columns is-layout-flex wp-container-core-columns-is-layout-1 wp-block-columns-is-layout-flex">
<div class="wp-block-column is-layout-flow wp-block-column-is-layout-flow">
<p><img loading="lazy" decoding="async" class="wp-image-406 aligncenter" src="https://osteolana.fr/wp-content/uploads/2023/01/icone-bureau-300x285.png" alt="" width="71" height="67" srcset="https://osteolana.fr/wp-content/uploads/2023/01/icone-bureau-300x285.png 300w, https://osteolana.fr/wp-content/uploads/2023/01/icone-bureau-360x343.png 360w, https://osteolana.fr/wp-content/uploads/2023/01/icone-bureau-250x238.png 250w, https://osteolana.fr/wp-content/uploads/2023/01/icone-bureau-100x95.png 100w, https://osteolana.fr/wp-content/uploads/2023/01/icone-bureau.png 455w" sizes="(max-width: 71px) 100vw, 71px" /></p>
<p><strong>Activité tertiaire : </strong>mauvaise posture, sédentarité&#8230; l&rsquo;apparition de douleur est inévitable</p>
</div>



<div class="wp-block-column is-layout-flow wp-block-column-is-layout-flow">
<p><img loading="lazy" decoding="async" class="wp-image-407 aligncenter" src="https://osteolana.fr/wp-content/uploads/2023/01/icone-manutention-234x300.png" alt="" width="55" height="71" srcset="https://osteolana.fr/wp-content/uploads/2023/01/icone-manutention-234x300.png 234w, https://osteolana.fr/wp-content/uploads/2023/01/icone-manutention-520x668.png 520w, https://osteolana.fr/wp-content/uploads/2023/01/icone-manutention-360x463.png 360w, https://osteolana.fr/wp-content/uploads/2023/01/icone-manutention-250x321.png 250w, https://osteolana.fr/wp-content/uploads/2023/01/icone-manutention-100x128.png 100w, https://osteolana.fr/wp-content/uploads/2023/01/icone-manutention.png 618w" sizes="(max-width: 55px) 100vw, 55px" /></p>
<p><span style="background-color: #ffffff;"><strong>Activité de manutention</strong> </span>: porter, décharger, se baisser&#8230; la colonne, les muscles et les ligaments peuvent rapidement etre en souffrance</p>
</div>
</div>



<div class="wp-block-columns is-layout-flex wp-container-core-columns-is-layout-2 wp-block-columns-is-layout-flex">
<div class="wp-block-column is-layout-flow wp-block-column-is-layout-flow">
<p><strong><img loading="lazy" decoding="async" class="wp-image-408 aligncenter" src="https://osteolana.fr/wp-content/uploads/2023/01/icone-btp-284x300.png" alt="" width="57" height="60" srcset="https://osteolana.fr/wp-content/uploads/2023/01/icone-btp-284x300.png 284w, https://osteolana.fr/wp-content/uploads/2023/01/icone-btp-768x811.png 768w, https://osteolana.fr/wp-content/uploads/2023/01/icone-btp-700x739.png 700w, https://osteolana.fr/wp-content/uploads/2023/01/icone-btp-520x549.png 520w, https://osteolana.fr/wp-content/uploads/2023/01/icone-btp-360x380.png 360w, https://osteolana.fr/wp-content/uploads/2023/01/icone-btp-250x264.png 250w, https://osteolana.fr/wp-content/uploads/2023/01/icone-btp-100x106.png 100w, https://osteolana.fr/wp-content/uploads/2023/01/icone-btp.png 817w" sizes="(max-width: 57px) 100vw, 57px" /></strong></p>
<p><strong>Activité BTP</strong> : port de charge, gestes répétitifs, posture inadaptée&#8230; cela peut engendrer des maux de dos et des douleurs articulaires</p>
</div>



<div class="wp-block-column is-layout-flow wp-block-column-is-layout-flow">
<p><strong><img loading="lazy" decoding="async" class=" wp-image-410 aligncenter" src="https://osteolana.fr/wp-content/uploads/2023/01/icone-camion-1-300x233.png" alt="" width="73" height="56" srcset="https://osteolana.fr/wp-content/uploads/2023/01/icone-camion-1-300x233.png 300w, https://osteolana.fr/wp-content/uploads/2023/01/icone-camion-1-768x596.png 768w, https://osteolana.fr/wp-content/uploads/2023/01/icone-camion-1-700x544.png 700w, https://osteolana.fr/wp-content/uploads/2023/01/icone-camion-1-520x404.png 520w, https://osteolana.fr/wp-content/uploads/2023/01/icone-camion-1-360x280.png 360w, https://osteolana.fr/wp-content/uploads/2023/01/icone-camion-1-250x194.png 250w, https://osteolana.fr/wp-content/uploads/2023/01/icone-camion-1-100x78.png 100w, https://osteolana.fr/wp-content/uploads/2023/01/icone-camion-1.png 841w" sizes="(max-width: 73px) 100vw, 73px" /></strong></p>
<p><strong>Activité nomade</strong> : les douleurs de dos liées à la posture statique et/ou le port de charge peuvent concerner les routiers, chauffeurs livreurs, commerciaux</p>
</div>
</div>

<p>QU&rsquo;EST CE QUE L&rsquo;OSTEOPATHIE ? Méthode thérapeutique manuelle douce Principe de base : redonner de la mobilité à toute structure qui en a perdu Recherche de la cause : remonter à l’origine du problème (la cause) sans se contenter de [&hellip;]</p>
