{"id":92,"date":"2019-01-07T19:47:20","date_gmt":"2019-01-07T18:47:20","guid":{"rendered":"http:\/\/osteolana.fr\/?page_id=92"},"modified":"2023-01-18T15:41:59","modified_gmt":"2023-01-18T14:41:59","slug":"tms","status":"publish","type":"page","link":"https:\/\/osteolana.fr\/index.php\/tms\/","title":{"rendered":"TMS"},"content":{"rendered":"<h2><span style=\"color: #4cc2ac; font-family: verdana, geneva, sans-serif; font-size: 18pt;\"><img loading=\"lazy\" decoding=\"async\" class=\"alignnone  wp-image-418\" src=\"https:\/\/osteolana.fr\/wp-content\/uploads\/2023\/01\/icone-ok-300x300.png\" alt=\"\" width=\"21\" height=\"21\" srcset=\"https:\/\/osteolana.fr\/wp-content\/uploads\/2023\/01\/icone-ok-300x300.png 300w, https:\/\/osteolana.fr\/wp-content\/uploads\/2023\/01\/icone-ok-150x150.png 150w, https:\/\/osteolana.fr\/wp-content\/uploads\/2023\/01\/icone-ok-250x251.png 250w, https:\/\/osteolana.fr\/wp-content\/uploads\/2023\/01\/icone-ok-100x100.png 100w, https:\/\/osteolana.fr\/wp-content\/uploads\/2023\/01\/icone-ok.png 342w\" sizes=\"(max-width: 21px) 100vw, 21px\" \/> <span style=\"font-size: 14pt; color: #5fa195;\"><strong>QU&rsquo;APPELLE-T&rsquo;ON LES TROUBLES MUSCULO-SQUELETTIQUES (TMS) ?<\/strong><\/span><\/span><\/h2>\n<ul style=\"list-style-type: disc;\">\n<li><span style=\"font-size: 12pt; font-family: verdana, geneva, sans-serif;\"><strong>Maladies<\/strong> qui touchent les articulations, les muscles et les tendons (lombalgie, canal carpien, tendinite de l&rsquo;\u00e9paule,&#8230;)<\/span><\/li>\n<li><span style=\"font-size: 12pt; font-family: verdana, geneva, sans-serif;\">Se manifestent par une <strong>douleur<\/strong>, une raideur, de la maladresse ou une perte de force<\/span><\/li>\n<li><span style=\"font-size: 12pt; font-family: verdana, geneva, sans-serif;\">De <strong>multiples facteurs<\/strong> : sollicitations m\u00e9caniques, organisation du travail, troubles psychosociaux, stress<\/span><\/li>\n<li><span style=\"font-size: 12pt; font-family: verdana, geneva, sans-serif;\"><strong>Maladies professionnelles<\/strong> reconnues les plus fr\u00e9quentes<\/span><\/li>\n<li><span style=\"font-size: 12pt; font-family: verdana, geneva, sans-serif;\"><strong>L&rsquo;activit\u00e9 professionnelle<\/strong> peut jouer un r\u00f4le dans la survenue, <\/span><span style=\"font-size: 12pt; font-family: verdana, geneva, sans-serif;\">leur maintien et leur aggravation (s\u00e9dentarit\u00e9, port de charge, posture inadapt\u00e9e)<\/span><\/li>\n<\/ul>\n<p><img loading=\"lazy\" decoding=\"async\" class=\"wp-image-428 aligncenter\" src=\"https:\/\/osteolana.fr\/wp-content\/uploads\/2023\/01\/icone-douleur-247x300.png\" alt=\"\" width=\"113\" height=\"138\" srcset=\"https:\/\/osteolana.fr\/wp-content\/uploads\/2023\/01\/icone-douleur-247x300.png 247w, https:\/\/osteolana.fr\/wp-content\/uploads\/2023\/01\/icone-douleur-520x631.png 520w, https:\/\/osteolana.fr\/wp-content\/uploads\/2023\/01\/icone-douleur-360x437.png 360w, https:\/\/osteolana.fr\/wp-content\/uploads\/2023\/01\/icone-douleur-250x303.png 250w, https:\/\/osteolana.fr\/wp-content\/uploads\/2023\/01\/icone-douleur-100x121.png 100w, https:\/\/osteolana.fr\/wp-content\/uploads\/2023\/01\/icone-douleur.png 553w\" sizes=\"(max-width: 113px) 100vw, 113px\" \/><\/p>\n<h2 style=\"text-align: justify;\">\u00a0<\/h2>\n\n\n<h2>&nbsp;<\/h2>\n<h2><span style=\"color: #5eb8b0; font-size: 18pt; font-family: verdana, geneva, sans-serif;\"><img loading=\"lazy\" decoding=\"async\" class=\"alignnone  wp-image-418\" src=\"https:\/\/osteolana.fr\/wp-content\/uploads\/2023\/01\/icone-ok-300x300.png\" alt=\"\" width=\"19\" height=\"19\" srcset=\"https:\/\/osteolana.fr\/wp-content\/uploads\/2023\/01\/icone-ok-300x300.png 300w, https:\/\/osteolana.fr\/wp-content\/uploads\/2023\/01\/icone-ok-150x150.png 150w, https:\/\/osteolana.fr\/wp-content\/uploads\/2023\/01\/icone-ok-250x251.png 250w, https:\/\/osteolana.fr\/wp-content\/uploads\/2023\/01\/icone-ok-100x100.png 100w, https:\/\/osteolana.fr\/wp-content\/uploads\/2023\/01\/icone-ok.png 342w\" sizes=\"(max-width: 19px) 100vw, 19px\" \/> <strong><span style=\"font-size: 14pt;\">LES TMS AU TRAVAIL<\/span><\/strong><\/span><\/h2>\n<ul style=\"list-style-type: disc;\">\n<li><span style=\"font-size: 18pt;\"><strong><span style=\"color: #5eb8b0;\">1\/2<\/span><\/strong>&nbsp;<\/span>&nbsp;<span style=\"font-family: verdana, geneva, sans-serif;\"><span style=\"font-size: 12pt;\">Le nombre d&rsquo;absences temporaires au travail qui ont un lien direct avec les<\/span> <span style=\"font-size: 12pt;\">TMS<\/span><\/span><\/li>\n<li><span style=\"font-size: 18pt;\"><strong><span style=\"color: #5eb8b0;\">47%<\/span><\/strong><\/span> <span style=\"font-family: verdana, geneva, sans-serif; font-size: 12pt;\">Des salari\u00e9s estiment avoir une posture p\u00e9nible sur leur lieur de travail<\/span><\/li>\n<li><span style=\"color: #5eb8b0; font-size: 18pt;\"><strong>57%<\/strong><\/span> <span style=\"font-size: 12pt; font-family: verdana, geneva, sans-serif;\">Des salari\u00e9s fran\u00e7ais sont stress\u00e9s au travail<\/span><\/li>\n<li><strong><span style=\"color: #5eb8b0; font-size: 18pt;\">61%<\/span><\/strong> <span style=\"font-size: 12pt; font-family: verdana, geneva, sans-serif;\">Des salari\u00e9s estiment que les actions mises en \u0153uvre dans leur entreprise, en faveur du bien \u00eatre, sont insuffisantes.<\/span><\/li>\n<\/ul>\n<p><img loading=\"lazy\" decoding=\"async\" class=\" wp-image-426 aligncenter\" src=\"https:\/\/osteolana.fr\/wp-content\/uploads\/2023\/01\/icone-travail-227x300.png\" alt=\"\" width=\"104\" height=\"138\" srcset=\"https:\/\/osteolana.fr\/wp-content\/uploads\/2023\/01\/icone-travail-227x300.png 227w, https:\/\/osteolana.fr\/wp-content\/uploads\/2023\/01\/icone-travail-520x688.png 520w, https:\/\/osteolana.fr\/wp-content\/uploads\/2023\/01\/icone-travail-360x477.png 360w, https:\/\/osteolana.fr\/wp-content\/uploads\/2023\/01\/icone-travail-250x331.png 250w, https:\/\/osteolana.fr\/wp-content\/uploads\/2023\/01\/icone-travail-100x132.png 100w, https:\/\/osteolana.fr\/wp-content\/uploads\/2023\/01\/icone-travail.png 605w\" sizes=\"(max-width: 104px) 100vw, 104px\" \/><\/p>\n\n\n\n\n\n<h2 style=\"text-align: justify;\">\u00a0<\/h2>\n<h2>\u00a0<\/h2>\n<h2 style=\"text-align: justify;\"><span style=\"color: #4cc2ac; font-size: 18pt; font-family: verdana, geneva, sans-serif;\"><span style=\"font-size: 14pt; color: #50a192;\"><img loading=\"lazy\" decoding=\"async\" class=\"alignnone  wp-image-418\" src=\"https:\/\/osteolana.fr\/wp-content\/uploads\/2023\/01\/icone-ok-300x300.png\" alt=\"\" width=\"20\" height=\"20\" srcset=\"https:\/\/osteolana.fr\/wp-content\/uploads\/2023\/01\/icone-ok-300x300.png 300w, https:\/\/osteolana.fr\/wp-content\/uploads\/2023\/01\/icone-ok-150x150.png 150w, https:\/\/osteolana.fr\/wp-content\/uploads\/2023\/01\/icone-ok-250x251.png 250w, https:\/\/osteolana.fr\/wp-content\/uploads\/2023\/01\/icone-ok-100x100.png 100w, https:\/\/osteolana.fr\/wp-content\/uploads\/2023\/01\/icone-ok.png 342w\" sizes=\"(max-width: 20px) 100vw, 20px\" \/> <strong>UN COUT HUMAIN ET FINANCIER POUR L&rsquo;ENTREPRISE<\/strong><\/span><\/span><\/h2>\n<ul style=\"list-style-type: disc;\">\n<li style=\"text-align: justify;\"><span style=\"font-family: verdana, geneva, sans-serif; font-size: 12pt;\"><strong>Co\u00fbt direct<\/strong> : indemnisation de l&rsquo;absence du salari\u00e9, augmentation du taux de cotisation AT\/MP, indemnisation des incapacit\u00e9s reconnues<\/span><\/li>\n<li style=\"text-align: justify;\"><span style=\"font-size: 12pt;\"><b style=\"font-family: verdana, geneva, sans-serif;\">Co\u00fbt indirect : <\/b><span style=\"font-family: verdana, geneva, sans-serif;\">gestion du remplacement du salari\u00e9, effets sur la production, \u00e9carts sur la productivit\u00e9<\/span><\/span><\/li>\n<\/ul>\n<h3><img loading=\"lazy\" decoding=\"async\" class=\"alignnone  wp-image-425 aligncenter\" src=\"https:\/\/osteolana.fr\/wp-content\/uploads\/2023\/01\/icone-euro-286x300.png\" alt=\"\" width=\"126\" height=\"132\" srcset=\"https:\/\/osteolana.fr\/wp-content\/uploads\/2023\/01\/icone-euro-286x300.png 286w, https:\/\/osteolana.fr\/wp-content\/uploads\/2023\/01\/icone-euro-768x807.png 768w, https:\/\/osteolana.fr\/wp-content\/uploads\/2023\/01\/icone-euro-700x735.png 700w, https:\/\/osteolana.fr\/wp-content\/uploads\/2023\/01\/icone-euro-520x546.png 520w, https:\/\/osteolana.fr\/wp-content\/uploads\/2023\/01\/icone-euro-360x378.png 360w, https:\/\/osteolana.fr\/wp-content\/uploads\/2023\/01\/icone-euro-250x263.png 250w, https:\/\/osteolana.fr\/wp-content\/uploads\/2023\/01\/icone-euro-100x105.png 100w, https:\/\/osteolana.fr\/wp-content\/uploads\/2023\/01\/icone-euro.png 833w\" sizes=\"(max-width: 126px) 100vw, 126px\" \/><\/h3>\n","protected":false},"excerpt":{"rendered":"<p>QU&rsquo;APPELLE-T&rsquo;ON LES TROUBLES MUSCULO-SQUELETTIQUES (TMS) ? Maladies qui touchent les articulations, les muscles et les tendons (lombalgie, canal carpien, tendinite de l&rsquo;\u00e9paule,&#8230;) Se manifestent par une douleur, une raideur, de la maladresse ou une perte de force De multiples facteurs [&hellip;]<\/p>\n","protected":false},"author":1,"featured_media":0,"parent":0,"menu_order":1,"comment_status":"closed","ping_status":"closed","template":"","meta":{"footnotes":""},"_links":{"self":[{"href":"https:\/\/osteolana.fr\/index.php\/wp-json\/wp\/v2\/pages\/92"}],"collection":[{"href":"https:\/\/osteolana.fr\/index.php\/wp-json\/wp\/v2\/pages"}],"about":[{"href":"https:\/\/osteolana.fr\/index.php\/wp-json\/wp\/v2\/types\/page"}],"author":[{"embeddable":true,"href":"https:\/\/osteolana.fr\/index.php\/wp-json\/wp\/v2\/users\/1"}],"replies":[{"embeddable":true,"href":"https:\/\/osteolana.fr\/index.php\/wp-json\/wp\/v2\/comments?post=92"}],"version-history":[{"count":17,"href":"https:\/\/osteolana.fr\/index.php\/wp-json\/wp\/v2\/pages\/92\/revisions"}],"predecessor-version":[{"id":493,"href":"https:\/\/osteolana.fr\/index.php\/wp-json\/wp\/v2\/pages\/92\/revisions\/493"}],"wp:attachment":[{"href":"https:\/\/osteolana.fr\/index.php\/wp-json\/wp\/v2\/media?parent=92"}],"curies":[{"name":"wp","href":"https:\/\/api.w.org\/{rel}","templated":true}]}}

<h2><span style="color: #4cc2ac; font-family: verdana, geneva, sans-serif; font-size: 18pt;"><img loading="lazy" decoding="async" class="alignnone  wp-image-418" src="https://osteolana.fr/wp-content/uploads/2023/01/icone-ok-300x300.png" alt="" width="21" height="21" srcset="https://osteolana.fr/wp-content/uploads/2023/01/icone-ok-300x300.png 300w, https://osteolana.fr/wp-content/uploads/2023/01/icone-ok-150x150.png 150w, https://osteolana.fr/wp-content/uploads/2023/01/icone-ok-250x251.png 250w, https://osteolana.fr/wp-content/uploads/2023/01/icone-ok-100x100.png 100w, https://osteolana.fr/wp-content/uploads/2023/01/icone-ok.png 342w" sizes="(max-width: 21px) 100vw, 21px" /> <span style="font-size: 14pt; color: #5fa195;"><strong>QU&rsquo;APPELLE-T&rsquo;ON LES TROUBLES MUSCULO-SQUELETTIQUES (TMS) ?</strong></span></span></h2>
<ul style="list-style-type: disc;">
<li><span style="font-size: 12pt; font-family: verdana, geneva, sans-serif;"><strong>Maladies</strong> qui touchent les articulations, les muscles et les tendons (lombalgie, canal carpien, tendinite de l&rsquo;épaule,&#8230;)</span></li>
<li><span style="font-size: 12pt; font-family: verdana, geneva, sans-serif;">Se manifestent par une <strong>douleur</strong>, une raideur, de la maladresse ou une perte de force</span></li>
<li><span style="font-size: 12pt; font-family: verdana, geneva, sans-serif;">De <strong>multiples facteurs</strong> : sollicitations mécaniques, organisation du travail, troubles psychosociaux, stress</span></li>
<li><span style="font-size: 12pt; font-family: verdana, geneva, sans-serif;"><strong>Maladies professionnelles</strong> reconnues les plus fréquentes</span></li>
<li><span style="font-size: 12pt; font-family: verdana, geneva, sans-serif;"><strong>L&rsquo;activité professionnelle</strong> peut jouer un rôle dans la survenue, </span><span style="font-size: 12pt; font-family: verdana, geneva, sans-serif;">leur maintien et leur aggravation (sédentarité, port de charge, posture inadaptée)</span></li>
</ul>
<p><img loading="lazy" decoding="async" class="wp-image-428 aligncenter" src="https://osteolana.fr/wp-content/uploads/2023/01/icone-douleur-247x300.png" alt="" width="113" height="138" srcset="https://osteolana.fr/wp-content/uploads/2023/01/icone-douleur-247x300.png 247w, https://osteolana.fr/wp-content/uploads/2023/01/icone-douleur-520x631.png 520w, https://osteolana.fr/wp-content/uploads/2023/01/icone-douleur-360x437.png 360w, https://osteolana.fr/wp-content/uploads/2023/01/icone-douleur-250x303.png 250w, https://osteolana.fr/wp-content/uploads/2023/01/icone-douleur-100x121.png 100w, https://osteolana.fr/wp-content/uploads/2023/01/icone-douleur.png 553w" sizes="(max-width: 113px) 100vw, 113px" /></p>
<h2 style="text-align: justify;"> </h2>


<h2>&nbsp;</h2>
<h2><span style="color: #5eb8b0; font-size: 18pt; font-family: verdana, geneva, sans-serif;"><img loading="lazy" decoding="async" class="alignnone  wp-image-418" src="https://osteolana.fr/wp-content/uploads/2023/01/icone-ok-300x300.png" alt="" width="19" height="19" srcset="https://osteolana.fr/wp-content/uploads/2023/01/icone-ok-300x300.png 300w, https://osteolana.fr/wp-content/uploads/2023/01/icone-ok-150x150.png 150w, https://osteolana.fr/wp-content/uploads/2023/01/icone-ok-250x251.png 250w, https://osteolana.fr/wp-content/uploads/2023/01/icone-ok-100x100.png 100w, https://osteolana.fr/wp-content/uploads/2023/01/icone-ok.png 342w" sizes="(max-width: 19px) 100vw, 19px" /> <strong><span style="font-size: 14pt;">LES TMS AU TRAVAIL</span></strong></span></h2>
<ul style="list-style-type: disc;">
<li><span style="font-size: 18pt;"><strong><span style="color: #5eb8b0;">1/2</span></strong>&nbsp;</span>&nbsp;<span style="font-family: verdana, geneva, sans-serif;"><span style="font-size: 12pt;">Le nombre d&rsquo;absences temporaires au travail qui ont un lien direct avec les</span> <span style="font-size: 12pt;">TMS</span></span></li>
<li><span style="font-size: 18pt;"><strong><span style="color: #5eb8b0;">47%</span></strong></span> <span style="font-family: verdana, geneva, sans-serif; font-size: 12pt;">Des salariés estiment avoir une posture pénible sur leur lieur de travail</span></li>
<li><span style="color: #5eb8b0; font-size: 18pt;"><strong>57%</strong></span> <span style="font-size: 12pt; font-family: verdana, geneva, sans-serif;">Des salariés français sont stressés au travail</span></li>
<li><strong><span style="color: #5eb8b0; font-size: 18pt;">61%</span></strong> <span style="font-size: 12pt; font-family: verdana, geneva, sans-serif;">Des salariés estiment que les actions mises en œuvre dans leur entreprise, en faveur du bien être, sont insuffisantes.</span></li>
</ul>
<p><img loading="lazy" decoding="async" class=" wp-image-426 aligncenter" src="https://osteolana.fr/wp-content/uploads/2023/01/icone-travail-227x300.png" alt="" width="104" height="138" srcset="https://osteolana.fr/wp-content/uploads/2023/01/icone-travail-227x300.png 227w, https://osteolana.fr/wp-content/uploads/2023/01/icone-travail-520x688.png 520w, https://osteolana.fr/wp-content/uploads/2023/01/icone-travail-360x477.png 360w, https://osteolana.fr/wp-content/uploads/2023/01/icone-travail-250x331.png 250w, https://osteolana.fr/wp-content/uploads/2023/01/icone-travail-100x132.png 100w, https://osteolana.fr/wp-content/uploads/2023/01/icone-travail.png 605w" sizes="(max-width: 104px) 100vw, 104px" /></p>





<h2 style="text-align: justify;"> </h2>
<h2> </h2>
<h2 style="text-align: justify;"><span style="color: #4cc2ac; font-size: 18pt; font-family: verdana, geneva, sans-serif;"><span style="font-size: 14pt; color: #50a192;"><img loading="lazy" decoding="async" class="alignnone  wp-image-418" src="https://osteolana.fr/wp-content/uploads/2023/01/icone-ok-300x300.png" alt="" width="20" height="20" srcset="https://osteolana.fr/wp-content/uploads/2023/01/icone-ok-300x300.png 300w, https://osteolana.fr/wp-content/uploads/2023/01/icone-ok-150x150.png 150w, https://osteolana.fr/wp-content/uploads/2023/01/icone-ok-250x251.png 250w, https://osteolana.fr/wp-content/uploads/2023/01/icone-ok-100x100.png 100w, https://osteolana.fr/wp-content/uploads/2023/01/icone-ok.png 342w" sizes="(max-width: 20px) 100vw, 20px" /> <strong>UN COUT HUMAIN ET FINANCIER POUR L&rsquo;ENTREPRISE</strong></span></span></h2>
<ul style="list-style-type: disc;">
<li style="text-align: justify;"><span style="font-family: verdana, geneva, sans-serif; font-size: 12pt;"><strong>Coût direct</strong> : indemnisation de l&rsquo;absence du salarié, augmentation du taux de cotisation AT/MP, indemnisation des incapacités reconnues</span></li>
<li style="text-align: justify;"><span style="font-size: 12pt;"><b style="font-family: verdana, geneva, sans-serif;">Coût indirect : </b><span style="font-family: verdana, geneva, sans-serif;">gestion du remplacement du salarié, effets sur la production, écarts sur la productivité</span></span></li>
</ul>
<h3><img loading="lazy" decoding="async" class="alignnone  wp-image-425 aligncenter" src="https://osteolana.fr/wp-content/uploads/2023/01/icone-euro-286x300.png" alt="" width="126" height="132" srcset="https://osteolana.fr/wp-content/uploads/2023/01/icone-euro-286x300.png 286w, https://osteolana.fr/wp-content/uploads/2023/01/icone-euro-768x807.png 768w, https://osteolana.fr/wp-content/uploads/2023/01/icone-euro-700x735.png 700w, https://osteolana.fr/wp-content/uploads/2023/01/icone-euro-520x546.png 520w, https://osteolana.fr/wp-content/uploads/2023/01/icone-euro-360x378.png 360w, https://osteolana.fr/wp-content/uploads/2023/01/icone-euro-250x263.png 250w, https://osteolana.fr/wp-content/uploads/2023/01/icone-euro-100x105.png 100w, https://osteolana.fr/wp-content/uploads/2023/01/icone-euro.png 833w" sizes="(max-width: 126px) 100vw, 126px" /></h3>

<p>QU&rsquo;APPELLE-T&rsquo;ON LES TROUBLES MUSCULO-SQUELETTIQUES (TMS) ? Maladies qui touchent les articulations, les muscles et les tendons (lombalgie, canal carpien, tendinite de l&rsquo;épaule,&#8230;) Se manifestent par une douleur, une raideur, de la maladresse ou une perte de force De multiples facteurs [&hellip;]</p>
